75. Is a prime?
True
Let w(c) = 2*c**3 - 11*c**2 + 6*c + 8. Is w(9) prime?
False
Suppose 14 + 16 = -5*g. Is g/21 - (-13494)/42 a prime number?
False
Let l(x) = -8*x**3 + 3*x**2 - 3*x - 1. Is l(-3) a prime number?
True
Let y(z) = z - 5. Let p be y(4). Let u = p - -3. Suppose -3*f - u*f + 155 = 0. Is f composite?
False
Suppose 26*w = 28*w - 42. Is w prime?
False
Suppose 686 - 1941 = -5*h. Is h prime?
True
Let a(y) = y - 3. Let h be a(3). Suppose -3*m + 190 + 11 = h. Is m a composite number?
False
Let z = 5 - 6. Is 2 - 1 - -197 - z composite?
False
Let d(j) = j**3 - 3*j**2 - 3*j. Let k(g) = g - 7. Let y be k(-8). Let h = -10 - y. Is d(h) a prime number?
False
Suppose 0 = -0*k - k + 3. Let y(w) = 2*w**2 + 3*w + 4. Let r be y(-2). Suppose 7*j = 3*j + b + r, 0 = -k*j + 2*b + 2. Is j a composite number?
False
Let j(a) = 9*a**3 + a**2 - a + 1. Let s be j(1). Suppose -r + 3*z = -18, -s + 42 = 4*r - 4*z. Is 49 + r + -1 + 4 composite?
True
Suppose 0 = 5*u + 3*h - 31, 4*u - 7 = -4*h + 21. Let g = 9 - u. Suppose -q - g = -149. Is q prime?
False
Let h(j) = 6*j**2 + 3*j - 20. Is h(-11) prime?
True
Suppose 19622 = 8*c - 242. Is c prime?
False
Suppose -3093 = -5*p - 1303. Let h = -197 + p. Is h prime?
False
Let z = -709 - -998. Is z a composite number?
True
Let x be -1 - 1 - (512 - 1). Is (-1)/(x/255 + 2) composite?
True
Let n = -2 + 0. Let v be (20/(-8) + 3)*0. Is (-8)/n - (-3 - v) composite?
False
Let j(y) be the second derivative of 3*y**4/4 + y**3/2 + 7*y**2/2 + y. Is j(-3) prime?
True
Let o(z) = 36*z**2 - 4*z + 1. Let b be o(3). Suppose -87 = 2*t - b. Is t a prime number?
True
Let o be (-8)/(-14)*28/8. Suppose o*u - u - 30 = 0. Let s = 65 - u. Is s prime?
False
Suppose 0 = -g + 568 + 1081. Is 8/52 - g/(-13) a composite number?
False
Let c(p) = 3*p**2 + 28*p - 4. Is c(23) composite?
True
Let n be 2/8 - (-15)/4. Let b(p) be the third derivative of -p**5/60 + 5*p**4/24 + p**3/3 + 24*p**2. Is b(n) prime?
False
Let h be (-2)/4*(-111 - -1). Suppose 3*z - 5*w - 5 = -h, 5*w = 4*z + 60. Is (-50)/15*12/z a composite number?
True
Is -1801*(-2 + -3 + 4) a prime number?
True
Let d(o) = 13*o**2 + 3*o - 3. Is d(4) composite?
True
Is (-190)/(-9) - (-1)/(-9) a prime number?
False
Suppose 7*l = 2*r + 3*l + 12, 0 = r + l - 6. Suppose -r*h - 90 = -982. Is h prime?
False
Let a(s) = 0*s**3 - 2 + 0*s**2 - 2*s - 3*s**2 + s**3 - 2. Let i be a(6). Suppose 0 = -k, 5*k + 14 = 2*l - i. Is l a prime number?
True
Let q(s) be the third derivative of -s**6/120 - 7*s**5/60 + s**4/8 - 4*s**3/3 - 3*s**2. Is q(-9) a composite number?
False
Let o(p) = p**3 - 8*p**2 + 8*p + 1. Let c be o(7). Suppose z + 0*z = c. Let h = z + 71. Is h a prime number?
True
Let h be -3*(3 - 214/6). Let w = -39 + h. Is w composite?
False
Let c(d) = d**2 - 6*d - 8. Let b = 2 - 0. Suppose 0 = -p - 2*h - 13, -4*p = -0*p - b*h + 22. Is c(p) a prime number?
True
Let r = -107 - -162. Is r prime?
False
Suppose -3*o = 2*o + 25. Let r = 8 + o. Suppose d - 1 - r = 0. Is d prime?
False
Let f(u) = -u**3 - 9*u**2 - 9*u - 6. Let x be f(-8). Suppose 2*m + 3*c = 54, 4*m - 58 = 2*m - x*c. Suppose -m = 5*d - 163. Is d a prime number?
False
Suppose -4*w = -5*u + 341, 4*u - 3*w + 90 = 362. Is u prime?
False
Suppose 0 = -3*q - 515 + 1508. Is q a prime number?
True
Suppose 4*t + 281 = u, 0 = -u + 2*u - 3*t - 284. Is u composite?
False
Let i be (-2)/9 - 58/(-18). Suppose 4*u = -5*n + 49, -n - i*u + 48 = 4*n. Let t(m) = m**3 - 9*m**2 + 10*m - 7. Is t(n) a prime number?
True
Let d = -3 - -7. Let y = d + -2. Is y a prime number?
True
Let u = 180 + -65. Is u prime?
False
Let z = 259 - 176. Is z composite?
False
Suppose 5*k + 64 = 4*o + 23, 3*k = 3*o - 27. Suppose -4*a - o*x = 8, 0*x = 4*a + x + 8. Let y = a - -21. Is y a composite number?
False
Let n = -34 + 131. Is n a prime number?
True
Suppose 4*j = -3*q + 13 + 39, -j = 5*q - 98. Suppose -5*s + q = -s. Let x(o) = o**3 - 4*o**2 + 6*o - 4. Is x(s) a composite number?
True
Suppose -805 = 7*t - 12*t. Is t prime?
False
Let m = -192 + 659. Is m prime?
True
Let s = -3 - -9. Let l(c) = 9*c - 5. Is l(s) prime?
False
Let x = 3 + -4. Let o be 2 + -4 + x/(-1). Is ((-14)/(-6))/(o/(-3)) composite?
False
Suppose 0 = 2*l + 3*l. Let o = l - -10. Is o composite?
True
Let d(k) = -57*k - 7. Let f be d(-8). Suppose 0 = -4*u - 4*n - n - f, 4*u + n + 445 = 0. Let v = u - -198. Is v composite?
True
Let g(o) = -19*o**3 - o**2 + 1. Let y = 4 + -3. Let j be 1/((-2)/(2/y)). Is g(j) composite?
False
Let f = 5 - 24. Let u = -13 - f. Is u prime?
False
Let h = 8 - 4. Suppose h*s - 200 = -0*s. Let f = s + -15. Is f a composite number?
True
Let m = -1 + 11. Let b(k) = k**3 - 10*k**2 - k + 12. Let w be b(m). Is (w/(-3))/(4/(-978)) a composite number?
False
Is (-4)/(-6) + (-1 - 2824/(-3)) composite?
False
Let x(s) = -2*s**3 - 6*s**2 - 3*s + 3. Is x(-4) prime?
True
Let i(y) = 27*y**3 + y**2 - y - 1. Let o be i(-2). Is -2*o*(-2)/(-4) prime?
True
Let j = 74 - -27. Let a = j - -121. Let v = 345 - a. Is v prime?
False
Suppose 0*u + 2*u + 38 = -2*a, 2*u - 67 = 3*a. Let r be a/(-9) - (-6)/9. Suppose 5*l - 232 = w, -5*l - r*w - 85 = -309. Is l a composite number?
True
Let j be (26/1)/(8/40). Suppose -4*r + 218 + j = 0. Is r prime?
False
Suppose -2*f + 1208 = t, -2*f - 2*t + 1198 = -6*t. Is (-8)/(-12)*f/6 prime?
True
Let z = 21 + -7. Let p = z + -6. Suppose 0 = t + 3*a - 4, 0*t + p = 2*t - 3*a. Is t composite?
True
Let y(m) = 88*m**2 - 3*m - 2. Let n be y(-4). Suppose 2*r = -5*w + 3*r + 1777, 4*w = 2*r + n. Is w/6 + 5/(-15) composite?
False
Let u(h) = 3*h**2 - 10*h - 26. Is u(9) composite?
False
Let x(r) be the first derivative of 73*r**4/4 + 2*r**3/3 - r**2/2 - 1. Let n be x(1). Suppose -2*s + 0*s = -n. Is s a composite number?
False
Suppose 87 + 1 = 2*m. Let c = m + -7. Is c composite?
False
Let n(d) = 2*d**2 - d + 4. Let w be n(-4). Let x = 37 + w. Is x a composite number?
True
Is (892/6)/(14/21) a prime number?
True
Suppose 8*a + 3323 = 3*x + 4*a, 5*a - 5 = 0. Is x a prime number?
True
Is 3/2*(3264/9 - 2) composite?
False
Suppose o + 2*o = 2*l - 262, -4*o - 347 = -5*l. Let p = o - -134. Let i = p + -32. Is i a prime number?
False
Let k = 8 + -5. Suppose -2*a + 95 = 3*i - 2, -4*i = k*a - 130. Is i prime?
True
Let h be (-16)/(-7) - 4/14. Suppose 2*x - z = 366, x + 4*x = h*z + 917. Is x prime?
False
Suppose -18*j + 20*j = 12. Is j prime?
False
Suppose -2*d + 4*v = -188, -67 = -5*d + 3*v + 382. Suppose 4*a - 84 = d. Is a a prime number?
True
Let s = -10 + 16. Let f be -1*(-5 - -3 - -1). Is (s/(-12))/(f/(-166)) composite?
False
Let s be 4/14 + 4/(-14). Let n be s/(0 - (4 - 2)). Suppose -4*k + 84 = -n*k. Is k composite?
True
Let z be 8 + -8 - (-5 + 1). Suppose -z*q + 4*g - 16 = 0, 17 = -4*q - 3*g - 13. Is q/9 + 635/3 prime?
True
Let c(u) = u**3 - 10*u**2 + 5*u - 13. Let z(b) = -b**2 + 7*b. Let h be z(5). Is c(h) composite?
False
Is (967*(0 + -2))/(-1 - 1) prime?
True
Let p = -374 + 810. Suppose 3*o - 635 = -3*x - 2*o, 3*o + p = 2*x. Is x a prime number?
False
Suppose 5*f + 7840 = 3*n, 2*f - f = -2*n + 5205. Is n prime?
False
Let n(l) = -86*l + 6. Let w be n(10). Is ((-6)/4 - -1)*w a prime number?
False
Suppose 6*n = 8*n - 6. Is n - (-142 - 16/4) a prime number?
True
Suppose 0 = 4*l + 713 - 2009. Suppose u - 6*u + 815 = 0. Let p = l - u. Is p prime?
False
Suppose 5*h = -5*u + 490, -2*h + h = 3*u - 98. Suppose 5*k = -2*p - 0*p - 89, -4*p - k = 187. Let x = h + p. Is x a composite number?
True
Is (-1436)/(-6) - (-1)/(-3) a composite number?
False
Let h(g) = -g**2 + 12*g + 2. Let n = 39 + -28. Let b be h(n). Let u = b + 52. Is u a prime number?
False
Let m(g) = 4*g**2 - 18*g - 19. Is m(17) composite?
True
Let x(t) = 69*t - 33. Let u(b) = -17*b + 8. Let q(g) = 21*u(g) + 5*x(g). Let n be q(-4). Suppose 0 = -m + n - 12. Is m prime?
False
Let r(q) be the first derivative of -q**4/4 + 7*q**3/3 + 7*q**2/2 + q + 2. Is r(6) prime?
True
Let o be 3*1/(-6)*-10. Suppose o*d + 285 = 8*d. Is d composite?
True
Let u(i) = -49*i**3 + i + 1. Let j be u(-1). Let h(t) = t**2 - 10*t - 4. Let d be h(6). Let q = j + d. Is q composite?
True
Let d(h) = -h**3 - 10*h**2 + 4. Let y be d(-10). Suppose -c - 285 = -y*c. Is c composite?
True
Let s(w) = 83*w**2 + w - 2. Is s(1) prime?
False
Let u(w) = 2*w + 7. Let g(i) = -i. Let x(h) = -2*g(h) + u(h). Let p be x(-5)